3, 103, 550841
List the prime factors of 1391706008.
2, 7, 11, 43, 52541
What are the prime factors of 595618406?
2, 15031, 19813
List the prime factors of 481232565.
3, 5, 11, 23, 43, 983
What are the prime factors of 156498635?
5, 31299727
List the prime factors of 67662919.
241, 280759
List the prime factors of 736650845.
5, 7, 43, 11383
List the prime factors of 553699932.
2, 3, 1193, 38677
What are the prime factors of 45676683?
3, 13, 179, 727
List the prime factors of 74377785.
3, 5, 109, 45491
List the prime factors of 1325129743.
7, 189304249
What are the prime factors of 16917906?
2, 3, 2819651
What are the prime factors of 290097457?
13, 163, 10531
What are the prime factors of 77040227?
11, 7003657
List the prime factors of 1292487149.
373, 1549, 2237
What are the prime factors of 10037763?
3, 123923
What are the prime factors of 490635929?
7, 17, 1087, 3793
List the prime factors of 183849151.
191, 962561
List the prime factors of 642000852.
2, 3, 17, 719, 1459
What are the prime factors of 180887064?
2, 3, 7536961
List the prime factors of 87851031.
3, 347, 84391
List the prime factors of 43806036.
2, 3, 3650503
What are the prime factors of 138508850?
2, 5, 577, 4801
What are the prime factors of 134298049?
37, 281, 12917
What are the prime factors of 1477450530?
2, 3, 5, 29, 62897
List the prime factors of 2503295709.
3, 107, 769, 10141
List the prime factors of 544867188.
2, 3, 45405599
List the prime factors of 1005740593.
11, 13, 7033151
List the prime factors of 98022151.
8009, 12239
What are the prime factors of 874248837?
3, 7, 11, 23, 2137
List the prime factors of 496243029.
3, 165414343
What are the prime factors of 1777004410?
2, 5, 103, 1725247
List the prime factors of 8334115.
5, 1666823
List the prime factors of 639493971.
3, 213164657
What are the prime factors of 39373433?
11, 3579403
List the prime factors of 34726527.
3, 11, 23, 101, 151
What are the prime factors of 356955970?
2, 5, 7, 17, 79, 3797
List the prime factors of 3443787862.
2, 14831, 116101
List the prime factors of 48632348.
2, 12158087
What are the prime factors of 13811139?
3, 379, 4049
List the prime factors of 6053430367.
6053430367
List the prime factors of 75388003.
75388003
What are the prime factors of 3341986037?
13, 257075849
List the prime factors of 1765530474.
2, 3, 294255079
What are the prime factors of 12425280?
2, 3, 5, 7, 43
List the prime factors of 1947035352.
2, 3, 31, 521, 5023
List the prime factors of 2993743464.
2, 3, 124739311
What are the prime factors of 6145077?
3, 2048359
List the prime factors of 195852644.
2, 13, 3766397
List the prime factors of 1279373832.
2, 3, 11, 538457
List the prime factors of 397090016.
2, 1409, 8807
List the prime factors of 12311245.
5, 677, 3637
List the prime factors of 325953948.
2, 3, 83, 327263
What are the prime factors of 16811041?
13, 1293157
List the prime factors of 2137537613.
16067, 133039
What are the prime factors of 838159482?
2, 3, 139693247
List the prime factors of 26111075.
5, 1044443
List the prime factors of 16775373.
3, 5591791
List the prime factors of 12492434.
2, 61, 102397
What are the prime factors of 235848620?
2, 5, 7, 31, 1753
List the prime factors of 420101089.
11251, 37339
What are the prime factors of 180183668?
2, 7, 103, 62477
List the prime factors of 39091401.
3, 4343489
What are the prime factors of 743094171?
3, 82566019
List the prime factors of 2180952791.
19, 191, 600979
List the prime factors of 49062162.
2, 3, 8177027
List the prime factors of 1632038520.
2, 3, 5, 7, 419, 4637
List the prime factors of 40038435.
3, 5, 296581
What are the prime factors of 85141685?
5, 241, 70657
List the prime factors of 122410700.
2, 5, 271, 4517
What are the prime factors of 51528355?
5, 31, 332441
List the prime factors of 104146214.
2, 52073107
What are the prime factors of 4883510142?
2, 3, 7, 12919339
What are the prime factors of 969466044?
2, 3, 80788837
List the prime factors of 6532963529.
31, 6798089
What are the prime factors of 1440638999?
1129, 1276031
List the prime factors of 288805603.
1811, 159473
List the prime factors of 269937898.
2, 134968949
List the prime factors of 24367337.
29, 840253
What are the prime factors of 63331279?
11, 379, 1381
List the prime factors of 155199084.
2, 3, 2377, 5441
What are the prime factors of 1221223463?
1221223463
List the prime factors of 23215994.
2, 103, 251, 449
List the prime factors of 33570351.
3, 59, 191, 331
List the prime factors of 215853972.
2, 3, 2111, 8521
List the prime factors of 308400147.
3, 11, 3115153
What are the prime factors of 4162261356?
2, 3, 11, 109, 32143
List the prime factors of 1329813962.
2, 664906981
List the prime factors of 454985267.
11, 19, 114577
What are the prime factors of 957918325?
5, 7, 13, 263, 1601
What are the prime factors of 313961414?
2, 13, 1471, 8209
What are the prime factors of 54141977?
23, 233, 10103
List the prime factors of 165205051.
11, 124121
What are the prime factors of 2496524668?
2, 11, 6827, 8311
List the prime factors of 3230660104.
2, 7, 57690359
What are the prime factors of 11766321?
3, 7, 26681
List the prime factors of 109152714.
2, 3, 11, 59, 28031
List the prime factors of 2733110089.
349, 7831261
List the prime factors of 75835826.
2, 11, 67, 51449
What are the prime factors of 194875945?
5, 11, 322109
List the prime factors of 95787234.
2, 3, 41, 129793
What are the prime factors of 517712240?
2, 5, 239, 27077
What are the prime factors of 35182964?
2, 191, 46051
What are the prime factors of 664504865?
5, 132900973
List the prime factors of 4234727334.
2, 3, 19, 89, 417379
What are the prime factors of 3762666294?
2, 3, 61, 307, 33487
List the prime factors of 153554059.
153554059
List the prime factors of 5524614.
2, 3, 53, 5791
List the prime factors of 1669245768.
2, 3, 4799, 4831
List the prime factors of 1319393773.
29, 79, 575903
List the prime factors of 18402442.
2, 9201221
What are the prime factors of 1084297263?
3, 7, 19, 113, 24049
List the prime factors of 4880592027.
3, 542288003
List the prime factors of 478797229.
283, 1691863
What are the prime factors of 1600761992?
2, 200095249
What are the prime factors of 30215474?
2, 1021, 14797
List the prime factors of 170310489.
3, 89, 439, 1453
What are the prime factors of 44445936?
2, 3, 23, 127, 317
What are the prime factors of 779467917?
3, 259822639
List the prime factors of 67126286.
2, 33563143
List the prime factors of 1234690726.
2, 617345363
List the prime factors of 977500241.
977500241
List the prime factors of 2465982292.
2, 467, 1320119
What are the prime factors of 162523991?
7, 23217713
List the prime factors of 2171677758.
2, 3, 361946293
What are the prime factors of 1040965268?
2, 7, 37177331
What are the prime factors of 161890491?
3, 7, 23, 571, 587
What are the prime factors of 2973693797?
41, 523, 138679
What are the prime factors of 945083933?
37, 2357, 10837
What are the prime factors of 4404090278?
2, 7, 17, 23, 29, 27743
List the prime factors of 219495650.
2, 5, 11, 43, 9281
What are the prime factors of 639879686?
2, 319939843
List the prime factors of 7778210300.
2, 5, 7, 37, 300317
List the prime factors of 15824283.
3, 19, 73, 3803
List the prime factors of 76975952.
2, 307, 15671
What are the prime factors of 69608705?
5, 1033, 13477
What are the prime factors of 27525422?
2, 71, 193841
What are the prime factors of 427240481?
17, 31, 47, 367
What are the prime factors of 127667912?
2, 15958489
List the prime factors of 1235502194.
2, 617751097
List the prime factors of 404205839.
41, 229, 43051
List the prime factors of 346062773.
7, 83, 223, 2671
List the prime factors of 201092829.
3, 7, 139, 68891
What are the prime factors of 18149865?
3, 5, 1097, 1103
List the prime factors of 512969833.
43, 227, 52553
List the prime factors of 743966524.
2, 7, 487, 54559
What are the prime factors of 592225060?
2, 5, 7, 19, 67, 3323
What are the prime factors of 686396495?
5, 137279299
What are the prime factors of 28214136?
2, 3, 130621
What are the prime factors of 146177151?
3, 2467, 19751
List the prime factors of 170232710.
2, 5, 17023271
List the prime factors of 72103453.
463, 155731
List the prime factors of 671760681.
3, 463, 483629
Lis